f 124/(-248)*-4577*2.
23, 199
Suppose -26 = -3*q + 2*w, -5*q + 4*w + 11 + 35 = 0. List the prime factors of (40/15)/(q/1017 - 0).
2, 113
Suppose 0 = -5*f - 2*x + 33752, -1053*f = -1057*f - 5*x + 26988. List the prime factors of f.
2, 211
Suppose 9*t - 7*t = 84. Suppose 0 = -0*n + 4*n + 5*p + 30, -5*n = 4*p + t. Let i = 56 + n. List the prime factors of i.
2, 23
Suppose -4*g - 16*u + 13*u + 82017 = 0, 0 = 4*g + u - 82027. List the prime factors of g.
2, 3, 1709
Let d = 33 + -25. Let r(s) = -s**3 + 10*s**2 + 2*s - 15. Let p be r(d). Suppose -p - 78 = -j. What are the prime factors of j?
3, 23
Let h(w) = w**2 - 5*w + 8. Let n be h(3). Suppose -m = -5*a - 0*m + 2085, -n*a + 4*m = -834. List the prime factors of a.
3, 139
Suppose -13*u + 3 = -10. Let d(q) = -2*q - 2. Let c be d(u). What are the prime factors of ((-82)/c)/(4/8)?
41
Suppose 0 = -5*i - 2 + 17. Suppose 4*q - 1205 = i*p - 6*p, 2*q = -2*p + 806. List the prime factors of p.
11, 37
Let w(u) = 4172*u**2 + 51*u - 166. What are the prime factors of w(3)?
5, 7507
Let q be (240/(-9))/(-2) - 1/3. Suppose 3*j = q*j - 400. List the prime factors of j.
2, 5
Let n be 5 - 0/(2 - 3). Suppose 22 = 4*s - n*r, 2*s - 19 = -3*s + 2*r. Suppose -2*i + s*i - 5*m - 43 = 0, 3*i + 2*m - 163 = 0. List the prime factors of i.
53
Let d(b) = 2*b**3 - 4*b**2 + 113*b + 46. List the prime factors of d(23).
23, 47
Let d be (102/(-9))/(5/1155). Let y = d + 1589. What are the prime factors of (7 + -8)/(2 - y/(-513))?
3, 19
Suppose 4*c + 3*q - 36 = 0, -2*q - 3*q + 14 = -c. Let z(l) = 5*l**2 - 10*l + 37. List the prime factors of z(c).
157
List the prime factors of 28*(10359/(-45))/(8/(-10)).
7, 1151
Let m(o) = -1360*o**3 + 9*o**2 + 17*o - 6. What are the prime factors of m(-2)?
2, 2719
Let h = -50 + 102. Let r = h - 41. List the prime factors of 1890/r + 4/22.
2, 43
Let y = 61 - -30. Let d be (1/14 - 52/y)*722. Let b = d + 572. What are the prime factors of b?
211
Let v(y) be the third derivative of 7*y**5/60 - y**3/6 - 80*y**2. What are the prime factors of v(1)?
2, 3
Suppose 5*n - 10*r = 222700, -3*r - 43152 = -2*n + 45933. List the prime factors of n.
2, 3, 5, 11
Suppose 6*y = 9*y - 12. Let i = 20 - y. Suppose 5*b - 12 = -4*v + 16, -i = -v + b. List the prime factors of v.
2, 3
What are the prime factors of (-160325)/(-33) + (-65)/(-39)?
2, 3, 5
Suppose -153*j + 4*t = -152*j - 3735, -2*t - 18621 = -5*j. What are the prime factors of j?
3, 17, 73
Let x(m) = 8*m**3 - 9*m**2 + 23*m - 21. List the prime factors of x(10).
7309
Suppose 3*r = 2*n + 15, 5*r + 7*n - 47 = 3*n. Suppose -298 = -2*s - 4*q, -r*q - 153 = -s - 10*q. List the prime factors of s.
3, 47
Suppose 4*b = -15 + 79. Let a = b + -30. List the prime factors of 2/(-7) + (2490/a)/(-3).
59
Let f be (-47)/94 + -353*1/(-2). Suppose 3*m + 81 + f = 4*v, 2*m + 130 = 2*v. Suppose 63*z = v*z + 194. List the prime factors of z.
2, 97
Let d(l) = -3*l + 100. Let v be d(-7). Suppose 13 = -3*y + 28. Suppose -2*x - 5*q + 124 = 0, -3*x + y*q = -v - 40. List the prime factors of x.
3, 19
Suppose 3*a - 16*u - 6066 = -15*u, 4*a - 3*u = 8093. What are the prime factors of a?
43, 47
Let z = -16179 - -24301. What are the prime factors of z?
2, 31, 131
Suppose 0 = -30*a - 118*a + 4077252. List the prime factors of a.
3, 3061
Let y = 57571 - 31407. List the prime factors of y.
2, 31, 211
Let k = 7 - 4. Suppose -k*s = -2*s - 264. Let f = 469 - s. What are the prime factors of f?
5, 41
Suppose -129 + 3689 = 8*q. Suppose 434*y = q*y - 13409. What are the prime factors of y?
23, 53
Suppose 3*w + 4 = h + 2, 6 = h - 5*w. What are the prime factors of ((-64)/8)/(-16) - 1346/h?
337
Suppose 0 = -o + 5, 5*n - 2*o + 0*o = -5. List the prime factors of (1/(n/(-3)))/((-183)/29829).
3, 163
Let c(s) = -s + 23. Let b be c(15). Let a(r) = -r**3 + 11 + 4*r - r**2 - 8*r - 12 - b*r. What are the prime factors of a(-4)?
5, 19
Suppose 0 = 5*t + 3*j - 4090 - 1757, 2*t + 3*j = 2337. Let q = t + -373. List the prime factors of q.
797
Let u be 19652/18 - 4/(-18). Suppose -10*l + u = -3*l. What are the prime factors of l?
2, 3, 13
Suppose 2*j + 3*a + 2 = 0, 7*j - 9*a = 8*j + 16. Let l(q) be the second derivative of 11*q**4/12 + q**3/2 - 2*q**2 + q. What are the prime factors of l(j)?
2, 23
Let q = 1441 - -7452. Let v be q/(-7) + (-30)/(-70). List the prime factors of v/(-14) - ((-10)/7)/5.
7, 13
Suppose -4*r - 48 = -4*d, -2*d + 31 = 3*r + 2*r. Let z(a) = a**3 - 7*a**2 - 4*a - 19. List the prime factors of z(d).
23, 41
Let m be (-4493)/(-5) + 3/20*-4. Suppose 5*h = -4*j + j + m, -h + 174 = 2*j. What are the prime factors of h?
2, 7, 13
Suppose 2*d - 5*c = 4, 4*c = -0*d - 4*d + 8. Let q be (d - 8/12) + 1/(-3). List the prime factors of (-9758)/(-85) - q/(-5).
5, 23
Let m(a) = -1173*a + 3351. What are the prime factors of m(-11)?
2, 3, 7, 43
Suppose 0*o = -9*o + 90. Suppose -7*n = -o*n - 6. List the prime factors of -318*n/3 + -3.
11, 19
Let y = 47 + -44. Suppose -5*v = -2*x - 6, -2*v - x = -3 - y. List the prime factors of ((-12)/30)/(v*2/(-840)).
2, 3, 7
Suppose 23*r + 25 = 18*r, 0 = -5*k + r + 43430. List the prime factors of k.
3, 5, 193
What are the prime factors of ((-17)/3 - -3)*(-3 + (-263835)/52)?
2, 7, 967
Let f(k) = k**3 - 3*k**2 - k + 3. Let i be f(0). Let x(l) = 94*l - 49. List the prime factors of x(i).
233
Let c(b) = b**3 + 2*b**2 - 12*b + 1. Let k be c(-5). Let n be (k/10 - -1)*(-4 - 1). Suppose n*s - s - 108 = 0. What are the prime factors of s?
2, 3
Let g(j) = -87*j**2 - 5. Let u be g(-2). Let v = -170 - u. List the prime factors of v.
3, 61
Suppose 5*u - 8*u - 2*r + 21353 = 0, 5*u + 3*r = 35588. What are the prime factors of u?
11, 647
Let r be (4/(-16))/((-2)/16). Suppose 1989 - 329 = r*j + 2*f, 0 = 3*f - 15. List the prime factors of j.
3, 5, 11
Let f be 0/5 - (3 - (3 + -1)). Let s be (-116)/12*(-3)/f*-3. What are the prime factors of (1 + -7)*s/(-9)?
2, 29
Suppose -y - 2*q + 3914 = 0, y - 3911 = -44*q + 41*q. List the prime factors of y.
2, 5, 7
Suppose 133*p - j = 137*p + 8, 6 = -2*p - j. What are the prime factors of (p/((-4)/2566))/((-1)/(-2))?
1283
Let d = 10 + -8. Suppose 0 = -3*a + d*a + 22. Suppose 2*w + 5*z - a = -2*w, z = -2. What are the prime factors of w?
2
Let s = -1971 + 2764. Let r = s + -474. What are the prime factors of r?
11, 29
Let b be 1431/4 + (-5)/(-40)*-6. Let u = 517 - b. Suppose 0*m = -2*m + u. List the prime factors of m.
2, 5
Let i(p) = 98*p + 92. Let d(z) = z - 1. Let q(t) = 5*d(t) - i(t). List the prime factors of q(-8).
647
Suppose 0 = 32*r - 40*r - 3488. Let y = -122 - r. What are the prime factors of y?
2, 157
Let c(l) = -10*l + 182. Let s be c(18). Suppose -2*f - t = -s*t - 1293, -f = -4*t - 643. What are the prime factors of f?
647
Let q = -90 + -28. Let y = q + 116. What are the prime factors of y/(-8) + (-467)/(-4)?
3, 13
Suppose 5*a - 4*b - 40049 = 0, 6*a + 6839 = 4*b + 54893. List the prime factors of a.
5, 1601
Let a(s) = -891 - 25*s + 903 + 490*s. What are the prime factors of a(2)?
2, 3, 157
Let m(i) = 4*i - 22. Let s be m(6). Suppose 3*p + 284 = s*d, 5*d - p - 710 = 3*p. Suppose -d = -2*n + 6. What are the prime factors of n?
2, 37
Suppose -5*k - 1 + 0 = 3*a, 3*k + 4*a - 6 = 0. Let u(o) = -233*o - 6. List the prime factors of u(k).
2, 5, 23
Suppose 0 = -45*x + 15*x + 449580. List the prime factors of x.
2, 59, 127
Suppose 268584 = 94*t - t. What are the prime factors of t?
2, 19
Let f(q) = -8*q - 122. Let a be f(-15). List the prime factors of (a + 92/(-3))*-15.
2, 5, 7
Suppose 2281 = 5*h + 781. What are the prime factors of h/(33/12 - 2)?
2, 5
Suppose 0 = -3*q - 1250 + 524. Let g = q + 301. What are the prime factors of g?
59
Suppose -4*x - 1249 = 2*g + 1245, -5*x - 3739 = 3*g. Let d = g - -1799. Suppose 5*b = -2*u + d, 4*b + 4*u = -115 + 567. What are the prime factors of b?
2, 5, 11
Let c(p) = 5*p**2 - 48*p - 10. Let m be c(10). Suppose -7381 = -m*a + 2859. List the prime factors of a.
2
Suppose -45*t + 1023449 = -24151. What are the prime factors of t?
2, 3, 5, 97
Let h(r) = -8*r**3 - 7*r**2 - 19*r - 65. Let b(d) = -5*d**3 - 4*d**2 - 9*d - 33. Let w(u) = 5*b(u) - 3*h(u). What are the prime factors of w(-7)?
2, 13
Let f = 40 + -32. Let i(d) = -1 + 1 - 2 + 3*d - f. List the prime factors of i(11).
23
Let q(c) = c**3 + 90*c**2 + 113*c + 153. List